{"id":268,"date":"2014-10-25T15:10:51","date_gmt":"2014-10-25T13:10:51","guid":{"rendered":"http:\/\/www.dotsfrance.com\/?page_id=268"},"modified":"2015-12-09T17:23:40","modified_gmt":"2015-12-09T15:23:40","slug":"produits-loisirs-creatifs","status":"publish","type":"page","link":"http:\/\/www.dotsfrance.com\/?page_id=268","title":{"rendered":"Produits Loisirs Cr\u00e9atifs"},"content":{"rendered":"<p>Actuellement nous fabriquons des produits destin\u00e9s aux loisirs cr\u00e9atifs en bo\u00eete de 200 pastilles avec 3 adh\u00e9sions disponible:<\/p>\n<p>La boite Verte pour <strong>l&rsquo;adh\u00e9sion Fugitive<\/strong><\/p>\n<p>La boite Orange pour <strong>l&rsquo;adh\u00e9sion moyenne <\/strong><\/p>\n<p>La boite rouge pour <strong>l&rsquo;adh\u00e9sion forte.<\/strong><\/p>\n<p>&nbsp;<\/p>\n<p>Boite standard de 200 pastilles.<\/p>\n<p><a href=\"http:\/\/www.dotsfrance.com\/wp-content\/uploads\/2014\/10\/vert-1.jpg\"><img loading=\"lazy\" decoding=\"async\" class=\"alignnone size-medium wp-image-309\" src=\"http:\/\/www.dotsfrance.com\/wp-content\/uploads\/2014\/10\/vert-1-169x300.jpg\" alt=\"vert 1\" width=\"169\" height=\"300\" srcset=\"http:\/\/www.dotsfrance.com\/wp-content\/uploads\/2014\/10\/vert-1-169x300.jpg 169w, http:\/\/www.dotsfrance.com\/wp-content\/uploads\/2014\/10\/vert-1-576x1024.jpg 576w, http:\/\/www.dotsfrance.com\/wp-content\/uploads\/2014\/10\/vert-1.jpg 663w\" sizes=\"auto, (max-width: 169px) 100vw, 169px\" \/><\/a>\u00a0 \u00a0 \u00a0 \u00a0 \u00a0 \u00a0 \u00a0 \u00a0 \u00a0 \u00a0<a href=\"http:\/\/www.dotsfrance.com\/wp-content\/uploads\/2014\/10\/orange-1.jpg\"><img loading=\"lazy\" decoding=\"async\" class=\"alignnone size-medium wp-image-308\" src=\"http:\/\/www.dotsfrance.com\/wp-content\/uploads\/2014\/10\/orange-1-169x300.jpg\" alt=\"orange 1\" width=\"169\" height=\"300\" srcset=\"http:\/\/www.dotsfrance.com\/wp-content\/uploads\/2014\/10\/orange-1-169x300.jpg 169w, http:\/\/www.dotsfrance.com\/wp-content\/uploads\/2014\/10\/orange-1-578x1024.jpg 578w, http:\/\/www.dotsfrance.com\/wp-content\/uploads\/2014\/10\/orange-1.jpg 664w\" sizes=\"auto, (max-width: 169px) 100vw, 169px\" \/><\/a>\u00a0 \u00a0 \u00a0 \u00a0 \u00a0 \u00a0 \u00a0 \u00a0 \u00a0 \u00a0<a href=\"http:\/\/www.dotsfrance.com\/wp-content\/uploads\/2014\/10\/rouge-11.jpg\"><img loading=\"lazy\" decoding=\"async\" class=\"alignnone size-medium wp-image-307\" src=\"http:\/\/www.dotsfrance.com\/wp-content\/uploads\/2014\/10\/rouge-11-170x300.jpg\" alt=\"rouge 1\" width=\"170\" height=\"300\" srcset=\"http:\/\/www.dotsfrance.com\/wp-content\/uploads\/2014\/10\/rouge-11-170x300.jpg 170w, http:\/\/www.dotsfrance.com\/wp-content\/uploads\/2014\/10\/rouge-11-581x1024.jpg 581w, http:\/\/www.dotsfrance.com\/wp-content\/uploads\/2014\/10\/rouge-11.jpg 669w\" sizes=\"auto, (max-width: 170px) 100vw, 170px\" \/><\/a><\/p>\n<p><a href=\"http:\/\/www.dotsfrance.com\/wp-content\/uploads\/2014\/10\/IMG_0184-e1433938164583.jpg\"><img loading=\"lazy\" decoding=\"async\" class=\"alignnone wp-image-314\" src=\"http:\/\/www.dotsfrance.com\/wp-content\/uploads\/2014\/10\/IMG_0184-e1433938164583-300x300.jpg\" alt=\"IMG_0184\" width=\"171\" height=\"171\" srcset=\"http:\/\/www.dotsfrance.com\/wp-content\/uploads\/2014\/10\/IMG_0184-e1433938164583-300x300.jpg 300w, http:\/\/www.dotsfrance.com\/wp-content\/uploads\/2014\/10\/IMG_0184-e1433938164583-150x150.jpg 150w, http:\/\/www.dotsfrance.com\/wp-content\/uploads\/2014\/10\/IMG_0184-e1433938164583-1024x1024.jpg 1024w\" sizes=\"auto, (max-width: 171px) 100vw, 171px\" \/><\/a>\u00a0 \u00a0 \u00a0 \u00a0 \u00a0 \u00a0 \u00a0 \u00a0 \u00a0\u00a0<a href=\"http:\/\/www.dotsfrance.com\/wp-content\/uploads\/2014\/10\/IMG_0186-e1433938090679.jpg\"><img loading=\"lazy\" decoding=\"async\" class=\"alignnone wp-image-312\" src=\"http:\/\/www.dotsfrance.com\/wp-content\/uploads\/2014\/10\/IMG_0186-e1433938090679-300x300.jpg\" alt=\"IMG_0186\" width=\"169\" height=\"169\" srcset=\"http:\/\/www.dotsfrance.com\/wp-content\/uploads\/2014\/10\/IMG_0186-e1433938090679-300x300.jpg 300w, http:\/\/www.dotsfrance.com\/wp-content\/uploads\/2014\/10\/IMG_0186-e1433938090679-150x150.jpg 150w, http:\/\/www.dotsfrance.com\/wp-content\/uploads\/2014\/10\/IMG_0186-e1433938090679-1024x1024.jpg 1024w\" sizes=\"auto, (max-width: 169px) 100vw, 169px\" \/><\/a>\u00a0 \u00a0 \u00a0 \u00a0 \u00a0 \u00a0 \u00a0 \u00a0 \u00a0 \u00a0<a href=\"http:\/\/www.dotsfrance.com\/wp-content\/uploads\/2014\/10\/IMG_0181-e1433938001424.jpg\"><img loading=\"lazy\" decoding=\"async\" class=\"alignnone wp-image-310\" src=\"http:\/\/www.dotsfrance.com\/wp-content\/uploads\/2014\/10\/IMG_0181-e1433938001424-225x300.jpg\" alt=\"IMG_0181\" width=\"151\" height=\"202\" srcset=\"http:\/\/www.dotsfrance.com\/wp-content\/uploads\/2014\/10\/IMG_0181-e1433938001424-225x300.jpg 225w, http:\/\/www.dotsfrance.com\/wp-content\/uploads\/2014\/10\/IMG_0181-e1433938001424-768x1024.jpg 768w\" sizes=\"auto, (max-width: 151px) 100vw, 151px\" \/><\/a><\/p>\n<p><a href=\"http:\/\/www.dotsfrance.com\/wp-content\/uploads\/2014\/10\/IMG_0183.jpg\"><img loading=\"lazy\" decoding=\"async\" class=\"alignnone wp-image-313\" src=\"http:\/\/www.dotsfrance.com\/wp-content\/uploads\/2014\/10\/IMG_0183-225x300.jpg\" alt=\"IMG_0183\" width=\"170\" height=\"227\" srcset=\"http:\/\/www.dotsfrance.com\/wp-content\/uploads\/2014\/10\/IMG_0183-225x300.jpg 225w, http:\/\/www.dotsfrance.com\/wp-content\/uploads\/2014\/10\/IMG_0183-768x1024.jpg 768w\" sizes=\"auto, (max-width: 170px) 100vw, 170px\" \/><\/a>\u00a0 \u00a0 \u00a0 \u00a0 \u00a0 \u00a0 \u00a0 \u00a0 \u00a0\u00a0<a href=\"http:\/\/www.dotsfrance.com\/wp-content\/uploads\/2014\/10\/IMG_0185-e1433938048841.jpg\"><img loading=\"lazy\" decoding=\"async\" class=\"alignnone wp-image-311\" src=\"http:\/\/www.dotsfrance.com\/wp-content\/uploads\/2014\/10\/IMG_0185-e1433938048841-300x300.jpg\" alt=\"IMG_0185\" width=\"181\" height=\"181\" srcset=\"http:\/\/www.dotsfrance.com\/wp-content\/uploads\/2014\/10\/IMG_0185-e1433938048841-300x300.jpg 300w, http:\/\/www.dotsfrance.com\/wp-content\/uploads\/2014\/10\/IMG_0185-e1433938048841-150x150.jpg 150w, http:\/\/www.dotsfrance.com\/wp-content\/uploads\/2014\/10\/IMG_0185-e1433938048841-1024x1024.jpg 1024w\" sizes=\"auto, (max-width: 181px) 100vw, 181px\" \/><\/a>\u00a0 \u00a0 \u00a0 \u00a0 \u00a0 \u00a0 \u00a0 \u00a0<a href=\"http:\/\/www.dotsfrance.com\/wp-content\/uploads\/2014\/10\/IMG_0182-e1433936647404.jpg\"><img loading=\"lazy\" decoding=\"async\" class=\"alignnone wp-image-304\" src=\"http:\/\/www.dotsfrance.com\/wp-content\/uploads\/2014\/10\/IMG_0182-e1433936647404-225x300.jpg\" alt=\"IMG_0182\" width=\"169\" height=\"225\" srcset=\"http:\/\/www.dotsfrance.com\/wp-content\/uploads\/2014\/10\/IMG_0182-e1433936647404-225x300.jpg 225w, http:\/\/www.dotsfrance.com\/wp-content\/uploads\/2014\/10\/IMG_0182-e1433936647404-768x1024.jpg 768w\" sizes=\"auto, (max-width: 169px) 100vw, 169px\" \/><\/a><\/p>\n<p>&nbsp;<\/p>\n","protected":false},"excerpt":{"rendered":"<p>Actuellement nous fabriquons des produits destin\u00e9s aux loisirs cr\u00e9atifs en bo\u00eete de 200 pastilles avec 3 adh\u00e9sions disponible: La boite Verte pour l&rsquo;adh\u00e9sion Fugitive La boite Orange pour l&rsquo;adh\u00e9sion moyenne La boite rouge pour l&rsquo;adh\u00e9sion forte. &nbsp; Boite standard de 200 pastilles. \u00a0 \u00a0 \u00a0 \u00a0 \u00a0 \u00a0 \u00a0 \u00a0 \u00a0 \u00a0\u00a0 \u00a0 \u00a0 \u00a0 [&hellip;]<\/p>\n","protected":false},"author":2,"featured_media":0,"parent":0,"menu_order":0,"comment_status":"closed","ping_status":"closed","template":"","meta":{"footnotes":""},"class_list":["post-268","page","type-page","status-publish","hentry"],"_links":{"self":[{"href":"http:\/\/www.dotsfrance.com\/index.php?rest_route=\/wp\/v2\/pages\/268","targetHints":{"allow":["GET"]}}],"collection":[{"href":"http:\/\/www.dotsfrance.com\/index.php?rest_route=\/wp\/v2\/pages"}],"about":[{"href":"http:\/\/www.dotsfrance.com\/index.php?rest_route=\/wp\/v2\/types\/page"}],"author":[{"embeddable":true,"href":"http:\/\/www.dotsfrance.com\/index.php?rest_route=\/wp\/v2\/users\/2"}],"replies":[{"embeddable":true,"href":"http:\/\/www.dotsfrance.com\/index.php?rest_route=%2Fwp%2Fv2%2Fcomments&post=268"}],"version-history":[{"count":6,"href":"http:\/\/www.dotsfrance.com\/index.php?rest_route=\/wp\/v2\/pages\/268\/revisions"}],"predecessor-version":[{"id":339,"href":"http:\/\/www.dotsfrance.com\/index.php?rest_route=\/wp\/v2\/pages\/268\/revisions\/339"}],"wp:attachment":[{"href":"http:\/\/www.dotsfrance.com\/index.php?rest_route=%2Fwp%2Fv2%2Fmedia&parent=268"}],"curies":[{"name":"wp","href":"https:\/\/api.w.org\/{rel}","templated":true}]}}